{"id":30,"date":"2013-05-02T21:33:39","date_gmt":"2013-05-02T19:33:39","guid":{"rendered":"http:\/\/www.juz-fechenheim.de\/neu\/?page_id=30"},"modified":"2023-02-01T21:27:55","modified_gmt":"2023-02-01T19:27:55","slug":"kontakt","status":"publish","type":"page","link":"https:\/\/www.juz-fechenheim.de\/?page_id=30","title":{"rendered":"Kontakt"},"content":{"rendered":"\n<h2 class=\"wp-block-heading\">Kontakt<\/h2>\n\n\n\n<p>Selbstverwaltetes Jugendzentrum Fechenheim e.V.<br>Starkenburger Str. 1<br>60386 Frankfurt am Main<\/p>\n\n\n\n<p>Telefon: 069 \u2013 40 80 48 06<br>Telefax: 069 \u2013 40 14 84 75<br>E-Mail: <a href=\"mailto:christoph.wilkens@juz-fechenheim.de\">christoph.wilkens@juz-fechenheim.de<\/a><\/p>\n\n\n\n<div class=\"wp-block-group\"><div class=\"wp-block-group__inner-container is-layout-flow wp-block-group-is-layout-flow\">\n<figure class=\"wp-block-image size-full is-resized\"><a href=\"https:\/\/www.openstreetmap.org\/?mlat=50.12155&amp;mlon=8.77234#map=17\/50.12116\/8.77310\" target=\"_blank\" rel=\"noreferrer noopener\"><img loading=\"lazy\" decoding=\"async\" src=\"https:\/\/www.juz-fechenheim.de\/wp-content\/uploads\/2022\/12\/Karte.png\" alt=\"\" class=\"wp-image-340\" width=\"603\" height=\"473\" srcset=\"https:\/\/www.juz-fechenheim.de\/wp-content\/uploads\/2022\/12\/Karte.png 603w, https:\/\/www.juz-fechenheim.de\/wp-content\/uploads\/2022\/12\/Karte-300x235.png 300w\" sizes=\"auto, (max-width: 603px) 100vw, 603px\" \/><\/a><figcaption class=\"wp-element-caption\"><sup><strong>\u00a9 <a href=\"https:\/\/www.openstreetmap.org\/copyright\">OpenStreetMap<\/a> contributors<\/strong><\/sup>  <\/figcaption><\/figure>\n<\/div><\/div>\n\n\n\n<p>Erreichbar ist das Juz \u00fcber die Haltestelle Schie\u00dfh\u00fcttenstra\u00dfe mit der Stra\u00dfenbahnlinie 11 und mit den Buslinien 44 und 551. Parkm\u00f6glichkeiten sind vor dem Haus und auch in der N\u00e4he vorhanden.<\/p>\n","protected":false},"excerpt":{"rendered":"<p>Kontakt Selbstverwaltetes Jugendzentrum Fechenheim e.V.Starkenburger Str. 160386 Frankfurt am Main Telefon: 069 \u2013 40 80 48 06Telefax: 069 \u2013 40 14 84 75E-Mail: christoph.wilkens@juz-fechenheim.de Erreichbar ist das Juz \u00fcber die Haltestelle Schie\u00dfh\u00fcttenstra\u00dfe mit der Stra\u00dfenbahnlinie 11 und mit den Buslinien 44 und 551. Parkm\u00f6glichkeiten sind vor dem Haus und auch in der N\u00e4he vorhanden.<\/p>\n","protected":false},"author":1,"featured_media":0,"parent":0,"menu_order":0,"comment_status":"closed","ping_status":"closed","template":"feedback.php","meta":{"footnotes":""},"class_list":["post-30","page","type-page","status-publish","hentry"],"_links":{"self":[{"href":"https:\/\/www.juz-fechenheim.de\/index.php?rest_route=\/wp\/v2\/pages\/30","targetHints":{"allow":["GET"]}}],"collection":[{"href":"https:\/\/www.juz-fechenheim.de\/index.php?rest_route=\/wp\/v2\/pages"}],"about":[{"href":"https:\/\/www.juz-fechenheim.de\/index.php?rest_route=\/wp\/v2\/types\/page"}],"author":[{"embeddable":true,"href":"https:\/\/www.juz-fechenheim.de\/index.php?rest_route=\/wp\/v2\/users\/1"}],"replies":[{"embeddable":true,"href":"https:\/\/www.juz-fechenheim.de\/index.php?rest_route=%2Fwp%2Fv2%2Fcomments&post=30"}],"version-history":[{"count":19,"href":"https:\/\/www.juz-fechenheim.de\/index.php?rest_route=\/wp\/v2\/pages\/30\/revisions"}],"predecessor-version":[{"id":351,"href":"https:\/\/www.juz-fechenheim.de\/index.php?rest_route=\/wp\/v2\/pages\/30\/revisions\/351"}],"wp:attachment":[{"href":"https:\/\/www.juz-fechenheim.de\/index.php?rest_route=%2Fwp%2Fv2%2Fmedia&parent=30"}],"curies":[{"name":"wp","href":"https:\/\/api.w.org\/{rel}","templated":true}]}}